
Let h = 6 - 5. Let y(i) = -3*i**3 + h - 4*i**3 - 4*i**2 + 3*i**3 + 5*i**3 + i. What is the tens digit of y(5)?
3
Let w(f) = -f**3 + 10*f**2 - 10*f + 14. Let q be w(9). Suppose -2*i + 4*i = 5*c + 552, q*c + 276 = i. What is the tens digit of i?
7
Let u be (-62)/(-3)*21/(-14). Let i be (-2)/10 - u/5. Suppose 42 = i*d - 3*d. What is the tens digit of d?
1
Let x = -4 + 6. Suppose -x*q - 2 = 0, 0 = -3*i - 0*q - 2*q + 100. What is the tens digit of i?
3
Let s be 18/4 - 5/10. Suppose 9*v = s*v. Suppose -2*w + 20 = 3*n - v*w, 3*n - 2*w - 40 = 0. What is the tens digit of n?
1
Let k be (-4)/(-8)*2*(1 + -2). What is the units digit of (k + 9/6)*108?
4
Let n(x) = -31*x**3 - 2*x**2 + 4*x - 1. What is the hundreds digit of n(-3)?
8
Let w = -26 - -23. Let d = w - -283. What is the units digit of d?
0
Let a(k) = 8*k**2 - 12*k + 63. What is the hundreds digit of a(8)?
4
Let r(n) = -n - 8. Let l be r(5). Let s(c) = -12*c - 1. What is the tens digit of s(l)?
5
Suppose 35 = t + w, -4*t + 104 = -0*t - 5*w. Let d = t - 28. Suppose -g = d*m - 27, 5*m = -0*g - g + 29. What is the tens digit of g?
2
Let a be (-4 + 8 - 3) + 2. Let n be (a - 3)/(1 - 0). Suppose 5*f + 30 - 130 = n. What is the tens digit of f?
2
Suppose -5*p - 13 = -3*v - v, 2*v + 5*p + 1 = 0. Suppose v*q = -3*q + 735. What is the units digit of q?
7
Let p = -8 - -4. Let u(r) = r**3 - 4*r**2 - 4*r + 4. Let c be u(p). What is the units digit of (c/(-1 + -3))/1?
7
Suppose 5*o - 76 = -21. Suppose 7*l - 2*l + 13 = w, 2*l + 5*w = o. Let g = l - -5. What is the units digit of g?
3
Let h = -125 + 212. What is the tens digit of h?
8
Let p(f) = f**3 + 13*f**2 - 23*f + 19. What is the hundreds digit of p(-13)?
3
Let x(w) = -w**2 + 10*w - 7. Suppose s - 5 + 2 = -2*u, 0 = 5*u - 5*s - 45. Suppose -u*k - 12 - 16 = -4*c, -3*k - 11 = -c. What is the units digit of x(c)?
8
Let q(w) = w**2 - 11*w - 28. Suppose 75 - 18 = 3*k. What is the tens digit of q(k)?
2
Suppose 8*p + 969 = 20185. What is the thousands digit of p?
2
Let y(s) = -127*s**3 - 5*s - 9. What is the tens digit of y(-3)?
3
Suppose 205*b - 4081 = 198*b. What is the tens digit of b?
8
Suppose -4*s = -j - 68, 4*j + 92*s - 88*s + 192 = 0. Suppose 2*t + 4 = -5*a + t, 3*a = 3*t + 12. What is the tens digit of a - (1/(-1) + j)?
5
Let p = 6 + -4. Suppose -5*s + j = -10, 4*s + 0*s = -4*j + 32. What is the units digit of 375/10*p/s?
5
Let q(y) = 37*y**2 + y - 2. Let h be q(1). What is the units digit of (-296)/(-9) + 4/h?
3
Let f = -4 + 11. Suppose f*g - 711 = -2*g. What is the units digit of g?
9
Let d = -6 + 8. Suppose -6*a + 2*a - 204 = 4*b, 4*a + 180 = d*b. What is the units digit of (1 - a) + -1 + -4?
3
Let q be (20/5)/((-3)/(-42)). Let l be 67879/q + (-3)/24. What is the tens digit of l/28 + 4/(-14)?
4
Let n = -274 + 549. What is the hundreds digit of n?
2
Let g(x) = 2*x**2 + x + 4. Let i be g(-5). Suppose -3*k = -125 - i. What is the units digit of k?
8
Let b be 0/(-2) - (-4 - 0). Suppose q + 126 = b*q. What is the tens digit of q?
4
Suppose 8*f = 17*f - 8523. What is the tens digit of f?
4
What is the hundreds digit of 230956/330 - 4/(-30)?
7
Let f(n) = -n**2 - 14*n - 4. Let t(s) = s**2 - s + 5. Let g be t(5). Let x = g - 37. What is the units digit of f(x)?
0
Suppose -11*i + 16*i = 20. Suppose i*u = 2*s + 267 - 47, -4*u + s + 218 = 0. What is the units digit of u?
4
Let x(s) = s**3 - 8*s**2 - 4. Let f be x(8). Let u(k) = -15*k + 6. What is the tens digit of u(f)?
6
Let r(o) be the second derivative of 31*o**3/2 + 5*o**2 - 17*o. What is the units digit of r(2)?
6
Suppose 3*o = -0*o + 117. Suppose 5*p + 3*k + 13 = -o, -3*p - k = 28. What is the tens digit of 78*(-1 + p/(-6))?
2
Suppose -14*d + 2107 = -4977. What is the hundreds digit of d?
5
Let w be 2/(-1)*3/(-6). Suppose i = w + 21. What is the tens digit of i?
2
Let k = 13 - 10. Suppose -4*y + 3*o - 14 = 0, 3*o - 1 = -y + k. What is the units digit of (-60)/(-8) + 3/y?
6
Suppose -90517 = -46*m + 70161. What is the tens digit of m?
9
Suppose 0*v = -3*v + 360. Suppose 3*f + v = 2*r - r, 0 = 5*f. What is the tens digit of r?
2
Suppose -84*i + 80*i = -5*v + 23888, -i - 9557 = -2*v. What is the tens digit of v?
8
Let x(v) = 8*v**2 + 6*v - 16. Let s(z) = -z**3 + z**2 + 1. Let p(k) = s(k) + x(k). What is the units digit of p(9)?
9
Let q(n) = -169*n + 1. Let y be q(-1). Let m be 4/(-24) - y/(-12). Suppose -s - p = -5*p - m, -3*s + p = -53. What is the tens digit of s?
1
Let u = 67 + -61. Suppose 4*p - 16 = -5*h + u*p, 2*h = 4*p. What is the units digit of h?
4
Suppose 10 = 2*z + 4. Suppose -5*h = -4*f + 29 + 45, -z*h + 3*f = 45. What is the units digit of (-150)/h + (-14)/(-49)?
1
Let s = 8 + -8. Suppose -z + 5 = 0, s = 3*d - 6*d + 3*z + 603. What is the units digit of d?
6
Suppose 0 = 4*c + 8. Let x be (1 - 0)/(c/16). What is the tens digit of (4/x)/(3/(-108))?
1
What is the tens digit of 3*15/(135/2802)?
3
Suppose -3*b - 3 = 0, 5*b = 4*r + 4*b - 129. What is the tens digit of r?
3
Let z(f) be the second derivative of -f**5/10 - 5*f**4/12 - f**3/6 + 3*f**2/2 + 12*f. What is the units digit of z(-2)?
1
Let x be (-2 + 3)*-60*1. Suppose 2*o = 3*l + 158, -5*o = -0*l - l - 421. Let w = x + o. What is the units digit of w?
5
Let j = -120 - -123. What is the tens digit of -247*(1 - (j + -1))?
4
Let q = -85 + 267. What is the hundreds digit of q?
1
Let q(g) be the third derivative of g**6/120 - 11*g**5/60 - 5*g**4/12 - 7*g**3/3 - g**2. Let w be q(12). What is the tens digit of (34/w - 3)*80?
3
What is the hundreds digit of (-2282)/(-10) + (-3 - (-42)/15)?
2
Let y = -36 + 37. Let p be ((y - -1) + -2)/2. What is the units digit of -2*74/(-4) - p?
7
Let l = 53 - 63. What is the units digit of (-5)/(l/147) + 1/2?
4
Let i(q) be the first derivative of -47*q**4/2 + q**2/2 + 13. What is the tens digit of i(-1)?
9
Let x(d) = 2*d**2 - 5*d + 16. Let a be x(-8). What is the units digit of (10/(-4))/((-4)/a)?
5
Let a(i) = 1068*i + 220. What is the tens digit of a(5)?
6
What is the units digit of 0 + (-2001)/(-4) + (-27)/(-36)?
1
Let r = 4766 - 2366. What is the thousands digit of r?
2
Let n(c) = 3*c + 3. Let l be (-46)/(-5)*(5 - (-35)/(-14)). What is the tens digit of n(l)?
7
Suppose 62*p - 53*p = 1548. What is the units digit of p?
2
Suppose -r + 11600 = 5*i, -2*i - 33*r = -30*r - 4640. What is the thousands digit of i?
2
Suppose -111 + 715 = 4*w - 4*d, -2*d = 6. Let a = 305 - w. What is the units digit of a?
7
Suppose -2*t - 2*c - 411 = -1599, -5*c + 1191 = 2*t. What is the hundreds digit of t?
5
Let d be -6*((-5)/2 + 4). Let t be 3/d*(-7 + -5). Suppose 0 = -9*b + t*b + 140. What is the units digit of b?
8
Let b = -876 + 5136. What is the thousands digit of b?
4
Let s be (28/(-63))/((-2)/9). Suppose -4*z = -s*z - 84. Suppose -r + z + 26 = 0. What is the tens digit of r?
6
Suppose -13 = -5*y + 12. Suppose -4*q - 2*j + 114 = 0, -5*q - 4*j - 20 = -170. Suppose 0 = -y*f + 5*x + 40, 2*f + 2*x = 2 + q. What is the units digit of f?
1
Suppose 3*l = -2*l. Suppose l = 5*g - 5*j - 15, 0 = -2*g - 3*j - 9. What is the tens digit of (-19)/2*(g - 2)?
1
Let h be 1/(1 - 2) - -1. Suppose h = -p - 8. Let a(g) = -g**2 - 10*g + 8. What is the tens digit of a(p)?
2
Suppose -5*k + 31 = -4*m, 0*m - 26 = 5*m - 2*k. Let d(h) = -6*h + 3. What is the tens digit of d(m)?
2
Suppose 4 = -5*g + 29. Suppose -w = 3*v + 22, g*w = 4*v - v - 38. Let c = w + 20. What is the units digit of c?
0
Let s = -87 + 186. Suppose -5*c = -6*c + s. What is the tens digit of c?
9
Suppose 4*h + 6*m = 2*m, 0 = -h + 2*m + 6. Suppose -99 - 53 = -h*s. What is the units digit of s?
6
Let u(z) = 16*z + 356. What is the units digit of u(0)?
6
Suppose 5*g - 5*s = -70, -2*s + 64 = -4*g - g. Let u = g + 20. What is the tens digit of (4 + (-8)/4)*u?
1
Let z(f) = -23*f - 4. Let x be ((-4 - -1)*(-20)/6)/(-2). What is the hundreds digit of z(x)?
1
Suppose -3*o = 15, -4*f + 4764 = 2*o - 6*o. What is the units digit of f?
6
Let w = 37 - 33. Suppose 469 = w*i + 3*i. What is the units digit of i?
7
Suppose 6*z = 395 - 65. What is the units digit of -1 + z/45 - (-52)/9?
6
Let x(i) = 38*i**2 - 9*i - 17. What is the tens digit of x(-3)?
5
Suppose -5*z = -2*h - 9, 4*z - 27 = -2*h - 9. Suppose b = -h*x + 35, -7*b = -3*b + 3*x - 185. What is the units digit of b?
0
Let k(u) = u**3 + 8*u**2 - 3*u - 12